)/3)/(12/(-40)). Suppose -4*b - 7 = -3*t, -15 = 5*b - 2*t - 3*t. Let l(f) = 6 + 9 + f - f**3 + 0*f**3 - 2*f**2 - 10*f**b. Determine l(g).
3
Let j = 37 - 36. Let d(o) = -5*o + 17. Let b be d(3). Let i(v) = v - 4 + 4 + j + 3*v**b. Determine i(-2).
11
Let o(m) = 261*m - 35 - 287*m + 19*m. Determine o(6).
-77
Let a(n) = -3*n**2 - 2*n + 1. Let w(b) = 17*b**2 - 17*b - 152. Let c(g) = 6*a(g) + w(g). Calculate c(-23).
-8
Let q(j) = j**3 - 4*j**2 - 6*j + 19. Let y be -5 + (-20)/10 + 11. Give q(y).
-5
Let y(s) = 18957 + 4*s - 9464 - 9477. Determine y(-11).
-28
Let y(v) = -5*v + 1. Let z be y(2). Let j(i) = -18*i**3 - 3*i**2 + i. Let k(p) = -359*p**3 - 52*p**2 + 11*p - 12. Let t(x) = 20*j(x) - k(x). Determine t(z).
12
Let v(p) = -155*p - 78. Let l(j) = -341*j - 155. Let k(q) = -6*l(q) + 13*v(q). Determine k(5).
71
Suppose 3 = a + 3*o, 3 = -a + 3*o - 0. Suppose 5*d = -a*d + 10. Let b(x) = 1 + 3*x - d*x + 3 - 4*x. What is b(3)?
-5
Suppose -4*o - 276 + 351 = -5*g, 0 = -2*o - g + 13. Let z(w) = 4*w + 4. Determine z(o).
44
Let m = -5 - -8. Let z(f) = -4*f**m + 4*f**3 - f**3 - 101 - 8*f**2 + 107. Give z(-8).
6
Let g(d) be the first derivative of -3*d**4/4 - 2*d**3/3 + 2*d**2 + d + 185. What is g(-3)?
52
Let q(r) be the first derivative of -r**2 + 11*r + 32. Let u(a) = -a + 4. Let f(h) = 2*q(h) - 7*u(h). Calculate f(0).
-6
Let c = 18611 - 18606. Let s(n) = -n**3 + 6*n**2 - n - 5. What is s(c)?
15
Suppose -z - 5 = 5*t, 0 = 3*z + 49*t - 45*t - 7. Let o(a) = -a**2 + 7*a - 4. What is o(z)?
6
Let l = 350 + -338. Let p(h) = -10*h**2 - 6 + 11*h**2 + 4*h - l*h. What is p(8)?
-6
Let p(s) = 40*s + 398. Suppose -a + 5*t = 0, -21*a = -2*t + 50 + 156. Give p(a).
-2
Let b(w) be the first derivative of 5/24*w**4 + 0*w**2 + 1/30*w**5 + 19 + 0*w - 22/3*w**3. Let g(a) be the third derivative of b(a). Give g(4).
21
Let t(b) be the first derivative of b**4/4 + b**2/2 + 13*b - 323. Determine t(0).
13
Let y(i) = -3*i**2 - i - 3. Let b(k) = k**2 + k + 2. Let r = 38 + -36. Let q(u) = r*b(u) + y(u). Determine q(4).
-11
Let x(c) = -5*c + 49. Suppose 0 = -549*q + 552*q - 33. What is x(q)?
-6
Let x(u) = 179*u - 95. Let d(w) = 38*w + 1. Let i(v) = -6*d(v) + x(v). Determine i(-2).
-3
Let f be -12*(-35)/(-40)*(-24)/(-42). Let a(g) = -g**3 - 4*g**2 + 10*g - 18. Give a(f).
-6
Let s(q) be the first derivative of 1/2*q**2 - 5*q + 56. Let u(w) = w**2 + 4. Let d be u(0). Give s(d).
-1
Let u(t) = t**3 - 7*t**2 + t - 1. Let a be 25/3 - 68/51. Let z be u(a). Let q(l) = -26*l + 13*l**3 + l**2 + 27*l + z*l**3. What is q(-1)?
-19
Let p(c) = -c**2 - 1. Let a(j) = 6*j - 11 - 27*j**2 + 14*j**2 + 11*j**2. Let l(x) = -a(x) + 3*p(x). Give l(-9).
-19
Let x(b) = -92*b - 87*b + 180*b. Suppose 0 = 2*a - 3*a + 5*t - 10, 0 = 5*a + 2*t - 58. Let z = -7 + a. Give x(z).
3
Let b(d) = -7*d - 105. Let y = -6380 + 6366. What is b(y)?
-7
Let s(x) be the third derivative of x**5/12 + 103*x**4/24 + 59*x**3/6 + 3*x**2 + 1255*x. Determine s(-20).
-1
Let c(i) = i**2 + 10*i + 7. Let b = -378 + 604. Let f = 220 - b. Give c(f).
-17
Let q(l) = l**2 + 6*l - 6. Let w(f) = 30*f + 5. Let j be w(1). Suppose -x + 3*y + j = 4*y, 5*y = -10. Suppose -5*h = 25, -7*h = 2*s - 2*h + x. Calculate q(s).
-6
Suppose 4*t + 96 = 132. Suppose -5*k + 26 = -t. Suppose -k*d + 4*d = 15. Let i(h) = -3*h - 5. Calculate i(d).
10
Suppose 12*l = -9*l + 76 + 29. Let a(x) = 0 - 6*x + 7 + 3*x. Calculate a(l).
-8
Let f(k) = 224*k**3 + 32*k**2 + 35*k + 3. Let u(n) = 79*n**3 + 11*n**2 + 12*n + 1. Let c(l) = 6*f(l) - 17*u(l). What is c(-4)?
-7
Let b(g) = 5*g - 11. Let v(j) = -j + 2. Let t = -10 - -10. Suppose -4*d = -m - 3, -2*d - 4*m + 24 = -t*m. Let k(a) = d*b(a) + 11*v(a). What is k(-7)?
7
Suppose -5*l - 3*h + 8 = -5*h, 7 = 4*l - h. Let j(w) be the first derivative of w**3 + 2*w + 70353. Calculate j(l).
14
Suppose -369 = -27*o + 1521. Suppose o*z - 67*z = -18. Let i(k) = -k**2 - 5*k - 8. Give i(z).
-14
Let c(n) = n**3 + 10*n**2 - 6*n + 1. Suppose -341 = 28*q - 118 + 85. What is c(q)?
-54
Let k(a) = -42*a + 19*a + 18*a + 9103*a**3 - 5 - 9111*a**3. Calculate k(-2).
69
Let f(s) = 89*s - 2. Let i(z) = -454*z + 53. Let d(g) = -5*f(g) - i(g). Give d(12).
65
Let m(f) = 3*f**2 + 4*f + 3. Let p(b) = 8*b + 18. Let a be p(-7). Let u = 42 + a. Suppose 3*l - 5*z + 29 = -5, -4*l - u*z + 8 = 0. Calculate m(l).
18
Suppose 3*d + 6 = -3*h, 19*h - 21*h = d + 3. Let q(w) = -4*w**3 - 5*w**2 - 2*w - 2. Let b(x) = -x**3 - x**2. Let a(i) = -6*b(i) + q(i). Calculate a(d).
-1
Suppose 2*r + 0*r = 0. Let s(x) be the first derivative of -x**4/12 - x**3/6 + 13*x**2/2 - 41*x - 71. Let b(j) be the first derivative of s(j). Give b(r).
13
Let p(h) = -3 - 4*h + 7 - 4619*h**2 + 4568*h**2. What is p(1)?
-51
Let t(u) = u**3 - 2*u**2 - 5*u - 4. Let w = -6676 - -6674. Determine t(w).
-10
Let m(h) = h**3 + h**2 + 32 + 24314373*h - 24314373*h. What is m(0)?
32
Let i(a) be the second derivative of 13*a**3/6 - 19*a**2/2 - 11*a + 56. Determine i(2).
7
Suppose 2*d = 12, z = 3*z + d - 10. Let o(l) be the second derivative of 1/6*l**3 + 7*l + 0 + 7/2*l**z. Give o(-6).
1
Let c = 66 + -21. Suppose -h = 4*h + c. Let k be 6/h*15/2. Let o(a) = -a - 6. What is o(k)?
-1
Let y be 4 + 4/(-8)*(1 + 1). Let x(i) be the third derivative of 1/8*i**4 - 1/120*i**6 - 25*i**2 + 0*i**3 + 1/30*i**5 + 0 + 0*i. Give x(y).
0
Suppose 6*r - 3 = 5*r. Let l(w) be the first derivative of 3*w**2 - 21 + 11*w - 4*w**2 + r*w. Determine l(11).
-8
Let h(u) = 3*u**2 - 76 + 70 + 5*u + u**2 - u**3. Determine h(5).
-6
Let p(q) = -121 + 549*q + 113 - 546*q. Let h(k) = k. Let f = -2 - -1. Let w(a) = f*p(a) + 5*h(a). What is w(-6)?
-4
Let d(l) = l**3 - 24*l**2 + 22*l + 21. Let i be d(23). Let j = 37 - 35. Let v(w) = 2*w**j - w**3 + 3*w**3 + 1 - w**2. What is v(i)?
-11
Let m(h) = -h**2 + 69*h - 170. Let j be m(67). Let g(w) = 4*w**2 + 145*w + 29. What is g(j)?
-7
Let i(m) = -11*m - 4*m + 34 - 8*m + m + 25*m. Determine i(-7).
13
Let c(l) = -l + 13. Suppose -4*o - 2*f + 12 = 0, -o - 19*f = -20*f. Determine c(o).
11
Let i = 20300 - 20298. Suppose -l - 3*l = -48. Let b(y) = l*y - 4*y - 10*y - y**i + 1 + 1. Determine b(-3).
-1
Let t(f) = -f**2 + 6*f - 5. Let q(j) = 1. Let s(x) = q(x) - t(x). Let l(u) = -u**2 + 10*u - 2. Let w be l(8). Let d be (-21)/w*8/(-3). Determine s(d).
-2
Let a(w) = w**3 + 8*w**2 + 5*w - 16. Suppose -3*f - 152 + 140 = 3*c, 0 = -2*c + 6. What is a(f)?
-2
Let v = 42 + -37. Let s(q) = -2*q**2 - 2*q - q**3 - v*q**2 - q**2 + 1 + 3*q**2. Let h(c) = 3*c - 56. Let d be h(17). Calculate s(d).
11
Let h(g) = -2*g + 4. Suppose 0 = 299*m - 249*m + 282 + 218. What is h(m)?
24
Let u(z) = z**3 + 4*z**2 - 2*z - 5. Suppose 6 = 5*m - 9, 2*o + 2*m = -30. Let r be (2/(-9)*12)/((-12)/o). Determine u(r).
3
Let n(g) = 121*g**2 - 3*g + 118*g**2 + 3*g - 237*g**2 - 25 + 2*g. Give n(-6).
35
Let c(m) = 7*m**2 + 48*m + 23. Let q(u) = 6*u**2 + 45*u + 21. Let a(r) = -3*c(r) + 4*q(r). What is a(-11)?
-18
Let b = 25934 + -25929. Let q(l) be the third derivative of 0*l**b + 0*l**3 + 1/24*l**4 + 2/15*l**6 + 8*l**2 + 0*l + 0. Give q(1).
17
Let w(o) be the third derivative of -o**6/120 + 11*o**5/60 + o**4 + 17*o**3/6 - 16*o**2 - 40*o + 4. Determine w(13).
-9
Suppose -5*d + 30 = 3*m, 0 = 4*d - 4*m + 2*m - 2. Suppose g + 19 = d*z, -z + 13 = -0*g + 3*g. Let h(u) = -7*u**2 - 3 + 2 + 3 + u**3. What is h(z)?
2
Let l(x) = -4*x - 1. Let q(s) = 7*s + 1. Let d = -416 - -419. Let f(c) = d*q(c) + 5*l(c). Determine f(1).
-1
Suppose 0 = 507*g - 500*g - 210. Let f(c) = -c**2 + 24*c + 175. Determine f(g).
-5
Suppose 5*p + 12 + 23 = 0. Let h(x) = -2*x**3 + 3*x**2 + 5*x - 2. Let t(c) = 3*c**3 - 7*c**2 - 6*c + 3. Let y(n) = -5*h(n) - 3*t(n). Determine y(p).
1
Suppose 5*h = -0*h - 0*h. Suppose h = 4*a - 11*a - 518. Let n = a + 82. Let b(z) = z - 7. Determine b(n).
1
Let q be 4/(-10) + (-1179)/15 - 1. Let k = -90 - q. Let u(j) = j**2 + 4*j - 5. Let l(t) = -t**2 - 5*t + 4. Let x(d) = -7*l(d) - 6*u(d). Determine x(k).
-8
Let w(v) = -v + 9. Let s = -82 - -77. Let b(f) = -7*f - 26. Let c be b(s). Calculate w(c).
0
Let t(k) be the third derivative of 5*k**4/8 - 35*k**3/6 - 56*k**2 - 3*k + 24. Give t(0).
-35
Let m(t) = -20*t - 48. Let h(k) = -16*k - 34. Let i(d) = -6*h(d) + 5*m(d). Determine i(-3).
-24
Let s(b) = -b**2 - 2*b + 1. Suppose -9 + 41 = 4*p. Let r be (p + -3)*(0 + -1). Calculate s(r